{"id":363,"date":"2025-05-15T18:22:20","date_gmt":"2025-05-15T15:22:20","guid":{"rendered":"https:\/\/sametdemirezen.com\/?page_id=363"},"modified":"2025-05-15T18:29:13","modified_gmt":"2025-05-15T15:29:13","slug":"fiziksel-sunucu-barindirma-9","status":"publish","type":"page","link":"https:\/\/sametdemirezen.com\/?page_id=363","title":{"rendered":"G\u00fcncelleme ve Yama Y\u00f6netimi"},"content":{"rendered":"\t\t<div data-elementor-type=\"wp-page\" data-elementor-id=\"363\" class=\"elementor elementor-363\">\n\t\t\t\t<div class=\"elementor-element elementor-element-df8e525 e-flex e-con-boxed e-con e-parent\" data-id=\"df8e525\" data-element_type=\"container\">\n\t\t\t\t\t<div class=\"e-con-inner\">\n\t\t\t\t<div class=\"elementor-element elementor-element-dc39dec elementor-widget__width-initial elementor-widget-mobile__width-initial elementor-widget elementor-widget-text-editor\" data-id=\"dc39dec\" data-element_type=\"widget\" data-widget_type=\"text-editor.default\">\n\t\t\t\t<div class=\"elementor-widget-container\">\n\t\t\t\t\t\t\t\t\t<h1>G\u00fcncelleme ve Yama Y\u00f6netimi<\/h1>\t\t\t\t\t\t\t\t<\/div>\n\t\t\t\t<\/div>\n\t\t\t\t\t<\/div>\n\t\t\t\t<\/div>\n\t\t<div class=\"elementor-element elementor-element-33ae790 e-flex e-con-boxed e-con e-parent\" data-id=\"33ae790\" data-element_type=\"container\">\n\t\t\t\t\t<div class=\"e-con-inner\">\n\t\t\t\t<div class=\"elementor-element elementor-element-568c562 elementor-widget elementor-widget-text-editor\" data-id=\"568c562\" data-element_type=\"widget\" data-widget_type=\"text-editor.default\">\n\t\t\t\t<div class=\"elementor-widget-container\">\n\t\t\t\t\t\t\t\t\t<p data-start=\"158\" data-end=\"292\">\u00a0<\/p><p class=\"\" data-start=\"158\" data-end=\"292\">Sistemlerinizin g\u00fcvenli\u011fini ve kararl\u0131l\u0131\u011f\u0131n\u0131 sa\u011flamak i\u00e7in d\u00fczenli g\u00fcncelleme ve yamalar\u0131n zaman\u0131nda uygulanmas\u0131na m\u0131 ihtiyac\u0131n\u0131z var?<\/p><p class=\"\" data-start=\"294\" data-end=\"597\"><strong data-start=\"294\" data-end=\"308\">MindeForge<\/strong> olarak, G\u00fcncelleme ve Yama Y\u00f6netimi hizmetimizle altyap\u0131n\u0131zdaki yaz\u0131l\u0131m ve donan\u0131mlar\u0131n en son s\u00fcr\u00fcmlerle g\u00fcncel kalmas\u0131n\u0131 sa\u011fl\u0131yoruz. Kritik g\u00fcvenlik yamalar\u0131 ve performans iyile\u015ftirmeleri zaman\u0131nda uygulanarak, sistemlerinizin her zaman korunakl\u0131 ve stabil \u00e7al\u0131\u015fmas\u0131n\u0131 garanti ediyoruz.<\/p><ul><li data-start=\"599\" data-end=\"634\">Hizmetin \u00d6ne \u00c7\u0131kan \u00d6zellikleri:<\/li><li data-start=\"636\" data-end=\"699\">Yaz\u0131l\u0131m ve donan\u0131m g\u00fcncellemelerinin planlanmas\u0131 ve uygulanmas\u0131<\/li><li data-start=\"701\" data-end=\"768\">Kritik g\u00fcvenlik yamalar\u0131n\u0131n h\u0131zl\u0131 ve do\u011fru \u015fekilde entegre edilmesi<\/li><li data-start=\"770\" data-end=\"810\">Uyumluluk ve sistem kararl\u0131l\u0131\u011f\u0131 testleri<\/li><li data-start=\"812\" data-end=\"853\">Otomatik ve manuel g\u00fcncelleme se\u00e7enekleri<\/li><li data-start=\"855\" data-end=\"914\">Yama uygulama s\u00fcrecinde risk analizi ve geri d\u00f6n\u00fc\u015f planlar\u0131<\/li><li data-start=\"916\" data-end=\"954\">Detayl\u0131 raporlama ve g\u00fcncelleme takibi<\/li><li data-start=\"956\" data-end=\"1085\">Sistemlerinizi tehditlere kar\u015f\u0131 koruyarak, performans\u0131n\u0131 art\u0131ran bu hizmetimizle, altyap\u0131n\u0131z her zaman g\u00fcncel ve g\u00fcvenilir kal\u0131r.<\/li><li data-start=\"1087\" data-end=\"1218\">Kesintisiz g\u00fcvenlik, tam uyumluluk ve g\u00fcncel teknoloji \u2013 <strong data-start=\"1144\" data-end=\"1186\">MindeForge G\u00fcncelleme ve Yama Y\u00f6netimi<\/strong> ile sistemlerinizi g\u00fc\u00e7lendirin.<\/li><\/ul>\t\t\t\t\t\t\t\t<\/div>\n\t\t\t\t<\/div>\n\t\t\t\t\t<\/div>\n\t\t\t\t<\/div>\n\t\t\t\t<\/div>\n\t\t","protected":false},"excerpt":{"rendered":"<p>G\u00fcncelleme ve Yama Y\u00f6netimi \u00a0 Sistemlerinizin g\u00fcvenli\u011fini ve kararl\u0131l\u0131\u011f\u0131n\u0131 sa\u011flamak i\u00e7in d\u00fczenli g\u00fcncelleme ve yamalar\u0131n zaman\u0131nda uygulanmas\u0131na m\u0131 ihtiyac\u0131n\u0131z var? [&hellip;]<\/p>\n","protected":false},"author":1,"featured_media":0,"parent":0,"menu_order":0,"comment_status":"closed","ping_status":"closed","template":"","meta":{"site-sidebar-layout":"no-sidebar","site-content-layout":"","ast-site-content-layout":"full-width-container","site-content-style":"default","site-sidebar-style":"default","ast-global-header-display":"","ast-banner-title-visibility":"","ast-main-header-display":"","ast-hfb-above-header-display":"","ast-hfb-below-header-display":"","ast-hfb-mobile-header-display":"","site-post-title":"disabled","ast-breadcrumbs-content":"","ast-featured-img":"disabled","footer-sml-layout":"","theme-transparent-header-meta":"default","adv-header-id-meta":"","stick-header-meta":"","header-above-stick-meta":"","header-main-stick-meta":"","header-below-stick-meta":"","astra-migrate-meta-layouts":"set","ast-page-background-enabled":"default","ast-page-background-meta":{"desktop":{"background-color":"var(--ast-global-color-5)","background-image":"","background-repeat":"repeat","background-position":"center center","background-size":"auto","background-attachment":"scroll","background-type":"","background-media":"","overlay-type":"","overlay-color":"","overlay-opacity":"","overlay-gradient":""},"tablet":{"background-color":"","background-image":"","background-repeat":"repeat","background-position":"center center","background-size":"auto","background-attachment":"scroll","background-type":"","background-media":"","overlay-type":"","overlay-color":"","overlay-opacity":"","overlay-gradient":""},"mobile":{"background-color":"","background-image":"","background-repeat":"repeat","background-position":"center center","background-size":"auto","background-attachment":"scroll","background-type":"","background-media":"","overlay-type":"","overlay-color":"","overlay-opacity":"","overlay-gradient":""}},"ast-content-background-meta":{"desktop":{"background-color":"var(--ast-global-color-4)","background-image":"","background-repeat":"repeat","background-position":"center center","background-size":"auto","background-attachment":"scroll","background-type":"","background-media":"","overlay-type":"","overlay-color":"","overlay-opacity":"","overlay-gradient":""},"tablet":{"background-color":"var(--ast-global-color-4)","background-image":"","background-repeat":"repeat","background-position":"center center","background-size":"auto","background-attachment":"scroll","background-type":"","background-media":"","overlay-type":"","overlay-color":"","overlay-opacity":"","overlay-gradient":""},"mobile":{"background-color":"var(--ast-global-color-4)","background-image":"","background-repeat":"repeat","background-position":"center center","background-size":"auto","background-attachment":"scroll","background-type":"","background-media":"","overlay-type":"","overlay-color":"","overlay-opacity":"","overlay-gradient":""}},"footnotes":""},"class_list":["post-363","page","type-page","status-publish","hentry"],"_links":{"self":[{"href":"https:\/\/sametdemirezen.com\/index.php?rest_route=\/wp\/v2\/pages\/363","targetHints":{"allow":["GET"]}}],"collection":[{"href":"https:\/\/sametdemirezen.com\/index.php?rest_route=\/wp\/v2\/pages"}],"about":[{"href":"https:\/\/sametdemirezen.com\/index.php?rest_route=\/wp\/v2\/types\/page"}],"author":[{"embeddable":true,"href":"https:\/\/sametdemirezen.com\/index.php?rest_route=\/wp\/v2\/users\/1"}],"replies":[{"embeddable":true,"href":"https:\/\/sametdemirezen.com\/index.php?rest_route=%2Fwp%2Fv2%2Fcomments&post=363"}],"version-history":[{"count":7,"href":"https:\/\/sametdemirezen.com\/index.php?rest_route=\/wp\/v2\/pages\/363\/revisions"}],"predecessor-version":[{"id":371,"href":"https:\/\/sametdemirezen.com\/index.php?rest_route=\/wp\/v2\/pages\/363\/revisions\/371"}],"wp:attachment":[{"href":"https:\/\/sametdemirezen.com\/index.php?rest_route=%2Fwp%2Fv2%2Fmedia&parent=363"}],"curies":[{"name":"wp","href":"https:\/\/api.w.org\/{rel}","templated":true}]}}